{"id":310,"date":"2022-03-25T08:54:14","date_gmt":"2022-03-25T08:54:14","guid":{"rendered":"https:\/\/serpentinoscisto.com\/site\/?page_id=310"},"modified":"2022-03-25T08:54:16","modified_gmt":"2022-03-25T08:54:16","slug":"tetto","status":"publish","type":"page","link":"https:\/\/serpentinoscisto.com\/site\/it\/tetto\/","title":{"rendered":"Tetto"},"content":{"rendered":"\n<p><strong>Piode<\/strong><br>Sono lastre grezze adatte ad essere impiegate per la copertura dei tetti. La lunghezza delle piode standard \u00e8 di 50 cm. con larghezza a correre che varia da 20 a 40 cm., si producono anche pezzature a misura (cm..20\/22\/25\/30 X cm. 36-41-46). Lo spessore pu\u00f2 andare da 1 cm a 1,5 cm a seconda delle dimensioni ed il peso varia da 60 kg\/mq a 90 kg\/mq. Tutti i tipi di prodotto sono forniti gi\u00e0 semilavorati pronti per la posa ( taglio a vista martellinato ) e con fori di fissaggio (a richiesta ). La lunghezza delle piode \u00e8 standard (50 cm), mentre la larghezza varia dai 20 ai 50 cm e oltre. Lo spessore oscilla mediamente intorno ad 1,4 cm ed il peso \u00e8 di kg 95 per mq in opera.<br><strong>Piattoni<\/strong><br>Dalle caratteristiche uguali alla pioda, se ne differenziano per la tessitura pi\u00f9 grezza ed il maggior spessore, dovuto alla minore scistosit\u00e0 dei blocchi da cui si producono. Lo spessore di 1,6 cm circa ha un peso che varia da 60 kg\/mq a 95 kg\/mq a seconda delle dimensioni. Mentre la pioda \u00e8 indicata per le posa su strutture architettoniche dalle linee moderne, il piattone \u00e8 indicato per costruzioni con caratteristiche strutturali tipiche dell\u2019 ambiente collinare o montano (murature in pietra, orditure in legno), la cui copertura \u00e8 spesso soggetta a carichi di neve e sbalzi termici non indifferenti. Misure e spessori differenti si possono produrre a richiesta.<\/p>\n\n\n\n<p class=\"has-drop-cap\">Il tetto \u00e8 un elemento fondamentale per la riuscita delle linee architettoniche di un edificio, ne corona la costruzione, ne connota le linee di visione e quelle prospettiche e contribuisce in maniera determinante all\u2019armonia ed alla bellezza della composizione.<br>La copertura svolge una funzione essenziale, connessa alla lunga durata che deve avere la costruzione ed al confort ambientale di chi la vive.<br>La pioda della valmalenco rappresenta certamente una soluzione che risponde a tutti questi requisiti, conferendo al fabbricato prestigio e valore.<br>La pendenza ideale di un tetto per la copertura con piode \u00e8 del 35%, mentre una maggiore verticalit\u00e0 accentua la difficolt\u00e0 di posa. Pendenze inferiori al 30% richiedono l\u2019impiego di piode di notevole superficie.<br>La chiodatura ottimale delle piode, anche in relazione alla durata nel tempo, si ottiene con un fondo costituito da tavole di abete.<br>Le opere di lattoneria devono necessariamente essere realizzate senza lasciare inutili spazi tra gli elementi da fasciare.<br>I fermaneve, anch\u2019essi chiodati sull\u2019assito ed ai travetti sottostanti, hanno la funzione di non permettere al manto nevoso che si \u00e8 depositato sul tetto di scivolare verso il basso.<br>Non vi \u00e8 necessit\u00e0 di manutenzione ordinaria per un tetto in piode.<br><strong>I sistemi di posa<\/strong><br>Il concetto di posa delle piode \u00e8 identico in tutti i sistemi messi in pratica, sostanzialmente riconducibili a tre schemi principali: <strong>corsi, semicorsi e mosaico<\/strong>.<br>Il sistema a corsi risulta concettualmente simmetrico, per cui le piode risultano a vista ben allineate tra loro.<br>l sistema a semicorsi si ha quando il posatore non utilizza nessun riferimento di misura, ma procede \u201cad occhio\u201d. In questo modo i corsi delle piode, pur essendo ben presenti, formano un allineamento leggermente disomogeneo ma piacevole alla vista.<br>Nel sistema a mosaico piode di differenti dimensioni, lunghe anche fino a 85 cm, vengono posate in modo completamente sfalsato tra loro.<\/p>\n","protected":false},"excerpt":{"rendered":"<p>PiodeSono lastre grezze adatte ad essere impiegate per la copertura dei tetti. La lunghezza delle piode standard \u00e8 di 50 cm. con larghezza a correre che varia da 20 a 40 cm., si producono anche pezzature a misura (cm..20\/22\/25\/30 X cm. 36-41-46). Lo spessore pu\u00f2 andare da 1 cm a 1,5 cm a seconda delle&#8230;<\/p>\n<p><a href=\"https:\/\/serpentinoscisto.com\/site\/it\/tetto\/\" class=\"more-link button\" role=\"button\">Read more<span class=\"screen-reader-text\"> about Tetto<\/span><\/a><\/p>\n","protected":false},"author":1,"featured_media":0,"parent":2,"menu_order":0,"comment_status":"closed","ping_status":"closed","template":"","meta":{"_genesis_hide_title":false,"_genesis_hide_breadcrumbs":false,"_genesis_hide_singular_image":false,"_genesis_hide_footer_widgets":false,"_genesis_custom_body_class":"","_genesis_custom_post_class":"","_genesis_layout":"","footnotes":""},"class_list":{"0":"post-310","1":"page","2":"type-page","3":"status-publish","5":"entry"},"yoast_head":"<!-- This site is optimized with the Yoast SEO plugin v21.3 - https:\/\/yoast.com\/wordpress\/plugins\/seo\/ -->\n<title>Tetto - Serpentinoscisto<\/title>\n<meta name=\"robots\" content=\"index, follow, max-snippet:-1, max-image-preview:large, max-video-preview:-1\" \/>\n<link rel=\"canonical\" href=\"https:\/\/serpentinoscisto.com\/site\/it\/tetto\/\" \/>\n<meta property=\"og:locale\" content=\"it_IT\" \/>\n<meta property=\"og:type\" content=\"article\" \/>\n<meta property=\"og:title\" content=\"Tetto - Serpentinoscisto\" \/>\n<meta property=\"og:description\" content=\"PiodeSono lastre grezze adatte ad essere impiegate per la copertura dei tetti. La lunghezza delle piode standard \u00e8 di 50 cm. con larghezza a correre che varia da 20 a 40 cm., si producono anche pezzature a misura (cm..20\/22\/25\/30 X cm. 36-41-46). Lo spessore pu\u00f2 andare da 1 cm a 1,5 cm a seconda delle...Read more about Tetto\" \/>\n<meta property=\"og:url\" content=\"https:\/\/serpentinoscisto.com\/site\/it\/tetto\/\" \/>\n<meta property=\"og:site_name\" content=\"Serpentinoscisto\" \/>\n<meta property=\"article:modified_time\" content=\"2022-03-25T08:54:16+00:00\" \/>\n<meta name=\"twitter:card\" content=\"summary_large_image\" \/>\n<meta name=\"twitter:label1\" content=\"Tempo di lettura stimato\" \/>\n\t<meta name=\"twitter:data1\" content=\"3 minuti\" \/>\n<script type=\"application\/ld+json\" class=\"yoast-schema-graph\">{\"@context\":\"https:\/\/schema.org\",\"@graph\":[{\"@type\":\"WebPage\",\"@id\":\"https:\/\/serpentinoscisto.com\/site\/it\/tetto\/\",\"url\":\"https:\/\/serpentinoscisto.com\/site\/it\/tetto\/\",\"name\":\"Tetto - Serpentinoscisto\",\"isPartOf\":{\"@id\":\"https:\/\/serpentinoscisto.com\/site\/#website\"},\"datePublished\":\"2022-03-25T08:54:14+00:00\",\"dateModified\":\"2022-03-25T08:54:16+00:00\",\"breadcrumb\":{\"@id\":\"https:\/\/serpentinoscisto.com\/site\/it\/tetto\/#breadcrumb\"},\"inLanguage\":\"it-IT\",\"potentialAction\":[{\"@type\":\"ReadAction\",\"target\":[\"https:\/\/serpentinoscisto.com\/site\/it\/tetto\/\"]}]},{\"@type\":\"BreadcrumbList\",\"@id\":\"https:\/\/serpentinoscisto.com\/site\/it\/tetto\/#breadcrumb\",\"itemListElement\":[{\"@type\":\"ListItem\",\"position\":1,\"name\":\"Home\",\"item\":\"https:\/\/serpentinoscisto.com\/site\/\"},{\"@type\":\"ListItem\",\"position\":2,\"name\":\"Serpentinoscisto\",\"item\":\"https:\/\/serpentinoscisto.com\/site\/\"},{\"@type\":\"ListItem\",\"position\":3,\"name\":\"Tetto\"}]},{\"@type\":\"WebSite\",\"@id\":\"https:\/\/serpentinoscisto.com\/site\/#website\",\"url\":\"https:\/\/serpentinoscisto.com\/site\/\",\"name\":\"Serpentinoscisto\",\"description\":\"100% Serpentinoscisto\",\"publisher\":{\"@id\":\"https:\/\/serpentinoscisto.com\/site\/#organization\"},\"potentialAction\":[{\"@type\":\"SearchAction\",\"target\":{\"@type\":\"EntryPoint\",\"urlTemplate\":\"https:\/\/serpentinoscisto.com\/site\/?s={search_term_string}\"},\"query-input\":\"required name=search_term_string\"}],\"inLanguage\":\"it-IT\"},{\"@type\":\"Organization\",\"@id\":\"https:\/\/serpentinoscisto.com\/site\/#organization\",\"name\":\"Serpentinoscisto\",\"url\":\"https:\/\/serpentinoscisto.com\/site\/\",\"logo\":{\"@type\":\"ImageObject\",\"inLanguage\":\"it-IT\",\"@id\":\"https:\/\/serpentinoscisto.com\/site\/#\/schema\/logo\/image\/\",\"url\":\"https:\/\/serpentinoscisto.com\/site\/wp-content\/uploads\/2022\/03\/serpentinoscisto-logo-2.png\",\"contentUrl\":\"https:\/\/serpentinoscisto.com\/site\/wp-content\/uploads\/2022\/03\/serpentinoscisto-logo-2.png\",\"width\":400,\"height\":116,\"caption\":\"Serpentinoscisto\"},\"image\":{\"@id\":\"https:\/\/serpentinoscisto.com\/site\/#\/schema\/logo\/image\/\"}}]}<\/script>\n<!-- \/ Yoast SEO plugin. -->","yoast_head_json":{"title":"Tetto - Serpentinoscisto","robots":{"index":"index","follow":"follow","max-snippet":"max-snippet:-1","max-image-preview":"max-image-preview:large","max-video-preview":"max-video-preview:-1"},"canonical":"https:\/\/serpentinoscisto.com\/site\/it\/tetto\/","og_locale":"it_IT","og_type":"article","og_title":"Tetto - Serpentinoscisto","og_description":"PiodeSono lastre grezze adatte ad essere impiegate per la copertura dei tetti. La lunghezza delle piode standard \u00e8 di 50 cm. con larghezza a correre che varia da 20 a 40 cm., si producono anche pezzature a misura (cm..20\/22\/25\/30 X cm. 36-41-46). Lo spessore pu\u00f2 andare da 1 cm a 1,5 cm a seconda delle...Read more about Tetto","og_url":"https:\/\/serpentinoscisto.com\/site\/it\/tetto\/","og_site_name":"Serpentinoscisto","article_modified_time":"2022-03-25T08:54:16+00:00","twitter_card":"summary_large_image","twitter_misc":{"Tempo di lettura stimato":"3 minuti"},"schema":{"@context":"https:\/\/schema.org","@graph":[{"@type":"WebPage","@id":"https:\/\/serpentinoscisto.com\/site\/it\/tetto\/","url":"https:\/\/serpentinoscisto.com\/site\/it\/tetto\/","name":"Tetto - Serpentinoscisto","isPartOf":{"@id":"https:\/\/serpentinoscisto.com\/site\/#website"},"datePublished":"2022-03-25T08:54:14+00:00","dateModified":"2022-03-25T08:54:16+00:00","breadcrumb":{"@id":"https:\/\/serpentinoscisto.com\/site\/it\/tetto\/#breadcrumb"},"inLanguage":"it-IT","potentialAction":[{"@type":"ReadAction","target":["https:\/\/serpentinoscisto.com\/site\/it\/tetto\/"]}]},{"@type":"BreadcrumbList","@id":"https:\/\/serpentinoscisto.com\/site\/it\/tetto\/#breadcrumb","itemListElement":[{"@type":"ListItem","position":1,"name":"Home","item":"https:\/\/serpentinoscisto.com\/site\/"},{"@type":"ListItem","position":2,"name":"Serpentinoscisto","item":"https:\/\/serpentinoscisto.com\/site\/"},{"@type":"ListItem","position":3,"name":"Tetto"}]},{"@type":"WebSite","@id":"https:\/\/serpentinoscisto.com\/site\/#website","url":"https:\/\/serpentinoscisto.com\/site\/","name":"Serpentinoscisto","description":"100% Serpentinoscisto","publisher":{"@id":"https:\/\/serpentinoscisto.com\/site\/#organization"},"potentialAction":[{"@type":"SearchAction","target":{"@type":"EntryPoint","urlTemplate":"https:\/\/serpentinoscisto.com\/site\/?s={search_term_string}"},"query-input":"required name=search_term_string"}],"inLanguage":"it-IT"},{"@type":"Organization","@id":"https:\/\/serpentinoscisto.com\/site\/#organization","name":"Serpentinoscisto","url":"https:\/\/serpentinoscisto.com\/site\/","logo":{"@type":"ImageObject","inLanguage":"it-IT","@id":"https:\/\/serpentinoscisto.com\/site\/#\/schema\/logo\/image\/","url":"https:\/\/serpentinoscisto.com\/site\/wp-content\/uploads\/2022\/03\/serpentinoscisto-logo-2.png","contentUrl":"https:\/\/serpentinoscisto.com\/site\/wp-content\/uploads\/2022\/03\/serpentinoscisto-logo-2.png","width":400,"height":116,"caption":"Serpentinoscisto"},"image":{"@id":"https:\/\/serpentinoscisto.com\/site\/#\/schema\/logo\/image\/"}}]}},"featured_image_src":null,"featured_image_src_square":null,"_links":{"self":[{"href":"https:\/\/serpentinoscisto.com\/site\/wp-json\/wp\/v2\/pages\/310","targetHints":{"allow":["GET"]}}],"collection":[{"href":"https:\/\/serpentinoscisto.com\/site\/wp-json\/wp\/v2\/pages"}],"about":[{"href":"https:\/\/serpentinoscisto.com\/site\/wp-json\/wp\/v2\/types\/page"}],"author":[{"embeddable":true,"href":"https:\/\/serpentinoscisto.com\/site\/wp-json\/wp\/v2\/users\/1"}],"replies":[{"embeddable":true,"href":"https:\/\/serpentinoscisto.com\/site\/wp-json\/wp\/v2\/comments?post=310"}],"version-history":[{"count":1,"href":"https:\/\/serpentinoscisto.com\/site\/wp-json\/wp\/v2\/pages\/310\/revisions"}],"predecessor-version":[{"id":311,"href":"https:\/\/serpentinoscisto.com\/site\/wp-json\/wp\/v2\/pages\/310\/revisions\/311"}],"up":[{"embeddable":true,"href":"https:\/\/serpentinoscisto.com\/site\/wp-json\/wp\/v2\/pages\/2"}],"wp:attachment":[{"href":"https:\/\/serpentinoscisto.com\/site\/wp-json\/wp\/v2\/media?parent=310"}],"curies":[{"name":"wp","href":"https:\/\/api.w.org\/{rel}","templated":true}]}}